ive f(-1).
66
Let n(j) = -j**3 - 5*j**2 + 7*j - 5. Calculate n(-6).
-11
Let h(f) = f**2 - 7*f + 9. What is h(8)?
17
Let x(d) = 45*d + 153. What is x(-5)?
-72
Let c(k) = -k**3 + 11*k**2 - 9*k + 15. Give c(10).
25
Let k(u) = -u + 1. Give k(3).
-2
Let f(a) = a**2 - 19*a - 282. Give f(29).
8
Let u(s) = s**2 - 44*s - 134. Calculate u(-3).
7
Let j(k) = -k**2 + 15*k - 21. Determine j(15).
-21
Let r(t) = 7*t - 9. Calculate r(5).
26
Let d(n) = -15*n - 86. What is d(-6)?
4
Let d(o) = -5*o - 28. What is d(-6)?
2
Let d(f) = 47*f - 1. Give d(1).
46
Let h(i) = 2*i - 7. Determine h(5).
3
Let o(u) = 2*u**2 + 10*u - 115. What is o(8)?
93
Let u(x) = -x**3 - 7*x**2 - 5*x + 7. Calculate u(-6).
1
Let i(a) = 6*a + 35. Calculate i(-6).
-1
Let t(m) = -2*m**3 + m**2 + 2*m - 2. Give t(1).
-1
Let f(t) = -t**3 + 4*t + 5. Calculate f(-2).
5
Let s(n) = 3*n**2 + 2*n - 4. Determine s(2).
12
Let a(z) = -11*z + 154. Determine a(14).
0
Let m(l) = 2*l**3 + 12*l**2 - 11*l + 27. Calculate m(-7).
6
Let b(c) = c**3 + 6*c**2 + 5*c + 6. What is b(-5)?
6
Let a(j) = -j**3 - 8*j**2 - 4*j - 1. Give a(-5).
-56
Let n(i) = i**3 - 4*i**2 + 6. Calculate n(5).
31
Let c(a) = 23*a**2 + 28*a + 27. Give c(-1).
22
Let d(w) = w**2 - w - 2. Determine d(2).
0
Let g(i) = i**2 - 10*i + 2. What is g(10)?
2
Let d(j) = -j**3 + 2*j**2 + j + 2. What is d(2)?
4
Let n(m) = 18*m - 150. What is n(8)?
-6
Let o(k) = k**2 - 3*k - 8. Give o(9).
46
Let v(z) = 112*z + 113. Determine v(-1).
1
Let f(y) = -y - 2. What is f(-6)?
4
Let b(r) = r**3 - 16*r**2 + 17*r + 4. Give b(15).
34
Let x(m) = -m**3 + 7*m**2 - 2*m - 1. Give x(3).
29
Let n(u) = -u**3 + 13*u**2 - 11*u - 16. What is n(9)?
209
Let h(p) = p**2 + 5*p - 8. Calculate h(-9).
28
Let f(y) = 13*y**2 - 116*y - 8. Determine f(9).
1
Let u(l) = -l**2 + 7*l - 20. Calculate u(8).
-28
Let d(t) = -t**3 + 12*t**2 + 12*t + 30. What is d(13)?
17
Let p(c) = 3*c - 15. Determine p(7).
6
Let g(t) = 46*t - 278. Calculate g(6).
-2
Let d(w) = 2*w**2 - 27*w. Determine d(12).
-36
Let t(z) = z - 63. Determine t(0).
-63
Let y(r) = r**2 + 19*r - 175. Determine y(-26).
7
Let i(c) = -c**2 - 6*c + 28. Give i(-7).
21
Let d(f) = f**3 + 10*f**2 + 4*f + 11. What is d(-9)?
56
Let w(z) = 2*z - 26. What is w(17)?
8
Let w(z) = -7*z - 64. What is w(-10)?
6
Let o(w) = w**2 + 11*w + 36. Determine o(-15).
96
Let l(n) = n**3 - 6*n**2 + 3*n - 14. Determine l(6).
4
Let n(j) = j**3 + 9*j**2 - j + 10. Determine n(-9).
19
Let m(b) = -b**3 - 6*b**2 + 7*b - 7. What is m(-7)?
-7
Let p(j) = -j**2 - 14*j - 27. What is p(-4)?
13
Let u(t) = -t**3 + 4*t**2 + t - 1. Determine u(4).
3
Let j(x) = 4*x - 25. What is j(8)?
7
Let g(u) = -26*u**2 - u + 1. What is g(1)?
-26
Let v(q) = -12*q - 3. What is v(3)?
-39
Let i(v) = -5*v + 41. Calculate i(-17).
126
Let h(a) = -8*a - 2. What is h(-1)?
6
Let a(q) = -2*q**3 + 68*q**2 + 2*q - 56. What is a(34)?
12
Let u(i) = 5*i - 2. Calculate u(-10).
-52
Let o(t) = 2*t**2 + 12*t + 35. Give o(-6).
35
Let o(h) = -10*h**2 + h + 4. Calculate o(1).
-5
Let u(o) = o**3 - 5*o**2 - 8*o + 11. Calculate u(6).
-1
Let w(n) = -6*n**2 + 12*n + 51. Determine w(-4).
-93
Let j(i) = 2*i**3 - 16*i**2 - 25*i + 26. Give j(9).
-37
Let x(i) = -i**2 - 12*i + 46. What is x(-14)?
18
Let i(f) = -f + 21. Determine i(7).
14
Let q(y) = -y - 12. Determine q(-5).
-7
Let g(j) = -13*j**2 + j - 5. What is g(2)?
-55
Let u(t) = t**3 - 4*t**2 + t - 1. What is u(2)?
-7
Let q(g) = 11*g - 248. Give q(21).
-17
Let b(d) = -12*d**2 + 7*d + 6. Give b(-1).
-13
Let c(m) = 2*m + 36. Calculate c(-18).
0
Let x(r) = r**2 - 10*r + 11. What is x(7)?
-10
Let m(c) = -c**3 - 19*c**2 - 32*c + 36. Determine m(-17).
2
Let u(t) = -2*t - 9. What is u(-4)?
-1
Let j(x) = -x**3 - 18*x**2 + 18*x - 21. Determine j(-19).
-2
Let r(i) = -i**3 + 29*i**2 - 54*i + 16. What is r(27)?
16
Let p(y) = y**3 - y**2 + 6*y + 6. Determine p(-4).
-98
Let t(d) = d**2 + 6*d - 14. Determine t(-9).
13
Let x(b) = 2*b**2 + 3*b - 31. Determine x(4).
13
Let j(n) = -n + 5. Determine j(-6).
11
Let w(l) = l**3 + 4*l**2 - 5*l + 6. Determine w(-5).
6
Let v(k) = -40*k + 918. What is v(23)?
-2
Let b(a) = -2*a**2 - 10*a. Calculate b(-7).
-28
Let z(d) = 2*d**3 + 10*d**2 - 26*d + 3. What is z(2)?
7
Let j(v) = 3*v**3 + v**2 + 2*v + 3. What is j(-2)?
-21
Let p(a) = a + 17. Give p(14).
31
Let x(b) = -b**2 + 3*b + 5. What is x(-5)?
-35
Let t(z) = -2*z**2 + 8*z + 3. What is t(8)?
-61
Let c(z) = -z**3 + z**2 + 4*z - 5. What is c(4)?
-37
Let y(w) = 20*w. Determine y(2).
40
Let d(u) = 4*u - 58. What is d(13)?
-6
Let m(h) = -h - 13. Determine m(-11).
-2
Let p(k) = k**3 + 7*k**2 - 7*k. What is p(-8)?
-8
Let h(w) = -26*w. Determine h(-1).
26
Let n(t) = 2*t**2 + 2*t - 8. Calculate n(-5).
32
Let a(k) = -16*k**2 - 4*k - 11. Determine a(-2).
-67
Let g(i) = -22*i + 293. Calculate g(13).
7
Let a(x) = 2*x + 8. What is a(-3)?
2
Let i(z) = -z**3 + z**2 + 4*z - 3. Calculate i(2).
1
Let a(x) = -4*x + 38. Give a(7).
10
Let t(g) = -g**2 + g + 7. Give t(4).
-5
Let o(v) = -v - 7. Calculate o(6).
-13
Let h(t) = 4*t**2 - 7*t + 4. Calculate h(1).
1
Let a(j) = -j**3 + 7*j**2 - 7*j - 15. Determine a(5).
0
Let m(f) = 2*f**3 + 4*f**2 + 3*f + 9. Determine m(-5).
-156
Let u(r) = -3*r**3 - 2*r - 3. Give u(-2).
25
Let r(o) = 4*o - 7. What is r(3)?
5
Let y(a) = -4*a - 2. What is y(-9)?
34
Let h(i) = -12*i**3 - 2*i**2 - i. Determine h(-1).
11
Let c(x) = -x**2 - 12*x + 804. Give c(-35).
-1
Let b(v) = 2*v**3 - v**2 + 2*v + 4. Determine b(3).
55
Let l(r) = 7*r + 4. Give l(-8).
-52
Let h(n) = -n - 15. Calculate h(0).
-15
Let l(g) = -7*g + 175. Determine l(24).
7
Let d(b) = 5*b + 39. What is d(-29)?
-106
Let n(o) = o**3 - 17*o**2 - 19*o + 13. What is n(18)?
-5
Let v(r) = r**3 - 13*r**2 + 48*r + 7. What is v(8)?
71
Let t(i) = -i**3 - 6*i**2 + 14*i + 19. Give t(-6).
-65
Let r(p) = -2*p**3 - 6*p**2 - 6*p + 2. Calculate r(-3).
20
Let w(o) = 10*o**3 + 4*o**2 - o - 2. Determine w(-1).
-7
Let n(v) = v + 11. Determine n(-21).
-10
Let c(j) = 3*j + 9. Calculate c(-7).
-12
Let y(a) = 8*a - 15. Determine y(6).
33
Let i(m) = -m**2 + 9*m - 21. Determine i(10).
-31
Let x(o) = o**2 + 13*o - 44. Give x(-16).
4
Let x(u) = -14*u + 22. What is x(2)?
-6
Let w(f) = f**2 + 2*f - 14. Calculate w(3).
1
Let s(j) = j**3 - 6*j**2 + 3*j + 11. Give s(5).
1
Let d(x) = -20*x**2 - 4*x - 6. Calculate d(-1).
-22
Let z(v) = v**3 + 21*v**2 + 21*v + 21. Determine z(-20).
1
Let m(u) = u**2 + 15*u - 29. Give m(-14).
-43
Let y(r) = -r**2 - r + 20. What is y(3)?
8
Let i(o) = o**3 + 13*o**2 + 13*o + 12. What is i(-12)?
0
Let o(y) = y**3 + 16*y**2 - 15*y + 49. Determine o(-17).
15
Let t(d) = 28*d**2 - 2. Give t(1).
26
Let l(x) = x**3 + 14*x**2 - 18*x - 40. Determine l(-15).
5
Let o(r) = r**3 - 5*r**2 + 4*r - 6. Determine o(4).
-6
Let x(f) = -8*f + 313. Calculate x(39).
1
Let q(h) = -3*h**3 + 21*h**2 + 6*h - 36. Determine q(7).
6
Let r(x) = x - 50. Calculate r(37).
-13
Let f(b) = b - 8. Calculate f(-4).
-12
Let c(s) = -3*s**3 - 2*s**2 + 7*s - 10. Calculate c(2).
-28
Let b(g) = -g**2 + 2*g - 1. Give b(2).
-1
Let f(o) = 11*o - 76. Determine f(7).
1
Let n(l) = -l**3 + 2*l. Give n(-3).
21
Let q(d) = -d**3 - 30*d**2 - 30*d - 25. What is q(-29)?
4
Let s(o) = -3*o + 34. What is s(9)?
7
Let k(b) = b**3 + 12*b**2 - 3*b - 12. Calculate k(-12).
24
Let a(y) = y + 46. What is a(-46)?
0
Let w(z) = -6*z - 103. Calculate w(-16).
-7
Let g(k) = k - 10. Calculate g(8).
-2
Let l(h) = 12*h - 7. Determine l(5).
53
Let y(w) = w**2 + 9*w - 23. Calculate y(-12).
13
Let t(x) = -x**2 + 8*x - 4. Give t(2).
8
Let d(x) = 4*x - 31. Calculate d(6).
-7
Let x(r) = -r**3 - 26*r**2 + 2*r + 105. Give x(-26).
53
Let x(l) = l**3 - 9*l**2 - 17*l + 14. Calculate x(10).
-56
Let q(g) = -g**3 - 20*g**2 + 17*g - 31. What is q(-21)?
53
Let k(i) = -4*i**3 - 2*i**2 + 3*i - 4. Determine k(2).
-38
Let l(x) = -x**3 - 4*x**2 + 3*x. Determine l(-4).
-12
Let p(d) = -12*d - 79. Give p(-7).
5
Let f(d) = -d**2 - 18*d + 172. What is f(-25)?
-3
Let n(t) = -t**2 + 3*t - 7. What is n(2)?
-5
Let x(d) = d**3 + 6*d**2 - 7*d - 4. Determine x(-7).
-4
Let p(f) = -9*f + 258. Calculate p(29).
-3
Let k(o) = o**3 - 3*o**2 - 3*o + 6. Determine k(4).
10
Let c(a) = 3*a**3 + 3*a**2 - 4*a - 5. What is c(-3)?
-47
Let u(t) = -15*t + 29. Give u(3).
-16
Let m(h) = 9*h**2. What is m(2)?
36
Let d(m) = m - 13. Determine d(8).
-5
Let s(c) = 2*c**3 - 4*c*